{"id":19586,"date":"2020-12-12T00:00:00","date_gmt":"2020-12-12T00:00:00","guid":{"rendered":"http:\/\/oardinadigital.com\/product\/espirito-santo-musica-de-dulce-martins\/"},"modified":"2023-09-18T01:53:45","modified_gmt":"2023-09-18T01:53:45","slug":"espirito-santo-musica-de-dulce-martins","status":"publish","type":"product","link":"https:\/\/oardinadigital.com\/?product=espirito-santo-musica-de-dulce-martins","title":{"rendered":"Esp\u00edrito Santo &#8211; m\u00fasica de Dulce Martins"},"content":{"rendered":"<p>Paz do Senhor! Eu sou a Dulce Martins. E estou lan\u00e7ando a minha primeira m\u00fasica Esp\u00edrito Santo, que \u00e9 uma ora\u00e7\u00e3o para que Este possa encher e transformar a minha vida para o Louvor de Deus. Espero que este Louvor venha enriquecer os momentos de ora\u00e7\u00e3o de quem for escutar e transformar a vida de muitos irm\u00e3os para a honra, gl\u00f3ria e exalta\u00e7\u00e3o do nome de Jesus.<!--more--><\/p>\n<p><strong>Formato<\/strong>: MP3;\u00a0<strong>Tamanho<\/strong>: 3,82 Mb; <strong>Dura\u00e7\u00e3o<\/strong>: 4:08 minutos<\/p>\n","protected":false},"excerpt":{"rendered":"<p>Paz do Senhor! Eu sou a Dulce Martins. E estou lan\u00e7ando a minha primeira m\u00fasica Esp\u00edrito Santo, que \u00e9 uma ora\u00e7\u00e3o para que Este possa encher e transformar a minha vida para o Louvor de Deus. Espero que este Louvor venha enriquecer os momentos de ora\u00e7\u00e3o de quem for escutar e transformar a vida de muitos irm\u00e3os para a honra, gl\u00f3ria e exalta\u00e7\u00e3o do nome de Jesus.<\/p>\n","protected":false},"featured_media":19587,"comment_status":"closed","ping_status":"closed","template":"","meta":{"_price":"30","_stock":"","_tribe_ticket_header":"","_tribe_default_ticket_provider":"","_tribe_ticket_capacity":"0","_ticket_start_date":"","_ticket_end_date":"","_tribe_ticket_show_description":"","_tribe_ticket_show_not_going":false,"_tribe_ticket_use_global_stock":"","_tribe_ticket_global_stock_level":"","_global_stock_mode":"","_global_stock_cap":"","_tribe_rsvp_for_event":"","_tribe_ticket_going_count":"","_tribe_ticket_not_going_count":"","_tribe_tickets_list":"[]","_tribe_ticket_has_attendee_info_fields":false,"_tec_slr_enabled":"","_tec_slr_layout":""},"product_brand":[],"product_cat":[387,340],"product_tag":[414,371,386],"class_list":{"0":"post-19586","1":"product","2":"type-product","3":"status-publish","4":"has-post-thumbnail","6":"product_cat-adoracao-louvor","7":"product_cat-musica-crista","8":"product_tag-dulce-martins","9":"product_tag-gospel","10":"product_tag-mocambique","12":"first","13":"instock","14":"downloadable","15":"shipping-taxable","16":"purchasable","17":"product-type-simple"},"_links":{"self":[{"href":"https:\/\/oardinadigital.com\/index.php?rest_route=\/wp\/v2\/product\/19586","targetHints":{"allow":["GET"]}}],"collection":[{"href":"https:\/\/oardinadigital.com\/index.php?rest_route=\/wp\/v2\/product"}],"about":[{"href":"https:\/\/oardinadigital.com\/index.php?rest_route=\/wp\/v2\/types\/product"}],"replies":[{"embeddable":true,"href":"https:\/\/oardinadigital.com\/index.php?rest_route=%2Fwp%2Fv2%2Fcomments&post=19586"}],"wp:featuredmedia":[{"embeddable":true,"href":"https:\/\/oardinadigital.com\/index.php?rest_route=\/wp\/v2\/media\/19587"}],"wp:attachment":[{"href":"https:\/\/oardinadigital.com\/index.php?rest_route=%2Fwp%2Fv2%2Fmedia&parent=19586"}],"wp:term":[{"taxonomy":"product_brand","embeddable":true,"href":"https:\/\/oardinadigital.com\/index.php?rest_route=%2Fwp%2Fv2%2Fproduct_brand&post=19586"},{"taxonomy":"product_cat","embeddable":true,"href":"https:\/\/oardinadigital.com\/index.php?rest_route=%2Fwp%2Fv2%2Fproduct_cat&post=19586"},{"taxonomy":"product_tag","embeddable":true,"href":"https:\/\/oardinadigital.com\/index.php?rest_route=%2Fwp%2Fv2%2Fproduct_tag&post=19586"}],"curies":[{"name":"wp","href":"https:\/\/api.w.org\/{rel}","templated":true}]}}