{"id":20143,"date":"2022-04-06T00:00:00","date_gmt":"2022-04-06T00:00:00","guid":{"rendered":"http:\/\/oardinadigital.com\/product\/ebenezer-musica-de-gilda-alberto\/"},"modified":"2022-05-27T08:25:17","modified_gmt":"2022-05-27T08:25:17","slug":"ebenezer-musica-de-gilda-alberto","status":"publish","type":"product","link":"https:\/\/oardinadigital.com\/?product=ebenezer-musica-de-gilda-alberto","title":{"rendered":"Ebenezer &#8211; m\u00fasica de Gilda Alberto"},"content":{"rendered":"<p>A m\u00fasica fala sobre o livramento Deus em Mo\u00e7ambique, como por exemplo de doen\u00e7as como Covid-19, que sinto que o nosso pa\u00eds tem sido um dos poupados dos graves efeitos que vimos no mundo. Ent\u00e3o vejo motivos de agrade\u00e7er a Ele por isso, dizendo EBEN\u00c9ZER porque at\u00e9 aqui nos ajudou.<\/p>\n<ul class=\"details\">\n<li>Tamanho do ficheiro: 9.83MB<\/li>\n<li>Formato: MP3<\/li>\n<\/ul>\n","protected":false},"excerpt":{"rendered":"<p>A m\u00fasica fala sobre o livramento Deus em Mo\u00e7ambique, como por exemplo de doen\u00e7as como Covid-19, que sinto que o nosso pa\u00eds tem sido um dos poupados dos graves efeitos que vimos no mundo. Ent\u00e3o vejo motivos de agrade\u00e7er a Ele por isso, dizendo EBEN\u00c9ZER porque at\u00e9 aqui nos ajudou.<\/p>\n","protected":false},"featured_media":20144,"comment_status":"closed","ping_status":"closed","template":"","meta":{"_price":"30","_stock":null,"_tribe_ticket_header":"","_tribe_default_ticket_provider":"","_tribe_ticket_capacity":"0","_ticket_start_date":"","_ticket_end_date":"","_tribe_ticket_show_description":"","_tribe_ticket_show_not_going":false,"_tribe_ticket_use_global_stock":"","_tribe_ticket_global_stock_level":"","_global_stock_mode":"","_global_stock_cap":"","_tribe_rsvp_for_event":"","_tribe_ticket_going_count":"","_tribe_ticket_not_going_count":"","_tribe_tickets_list":"[]","_tribe_ticket_has_attendee_info_fields":false,"_tec_slr_enabled":"","_tec_slr_layout":""},"product_brand":[],"product_cat":[387,340],"product_tag":[688,687,689],"class_list":{"0":"post-20143","1":"product","2":"type-product","3":"status-publish","4":"has-post-thumbnail","6":"product_cat-adoracao-louvor","7":"product_cat-musica-crista","8":"product_tag-covid-19","9":"product_tag-ebenezer","10":"product_tag-gilda-alberto","12":"first","13":"instock","14":"downloadable","15":"virtual","16":"purchasable","17":"product-type-simple"},"_links":{"self":[{"href":"https:\/\/oardinadigital.com\/index.php?rest_route=\/wp\/v2\/product\/20143","targetHints":{"allow":["GET"]}}],"collection":[{"href":"https:\/\/oardinadigital.com\/index.php?rest_route=\/wp\/v2\/product"}],"about":[{"href":"https:\/\/oardinadigital.com\/index.php?rest_route=\/wp\/v2\/types\/product"}],"replies":[{"embeddable":true,"href":"https:\/\/oardinadigital.com\/index.php?rest_route=%2Fwp%2Fv2%2Fcomments&post=20143"}],"wp:featuredmedia":[{"embeddable":true,"href":"https:\/\/oardinadigital.com\/index.php?rest_route=\/wp\/v2\/media\/20144"}],"wp:attachment":[{"href":"https:\/\/oardinadigital.com\/index.php?rest_route=%2Fwp%2Fv2%2Fmedia&parent=20143"}],"wp:term":[{"taxonomy":"product_brand","embeddable":true,"href":"https:\/\/oardinadigital.com\/index.php?rest_route=%2Fwp%2Fv2%2Fproduct_brand&post=20143"},{"taxonomy":"product_cat","embeddable":true,"href":"https:\/\/oardinadigital.com\/index.php?rest_route=%2Fwp%2Fv2%2Fproduct_cat&post=20143"},{"taxonomy":"product_tag","embeddable":true,"href":"https:\/\/oardinadigital.com\/index.php?rest_route=%2Fwp%2Fv2%2Fproduct_tag&post=20143"}],"curies":[{"name":"wp","href":"https:\/\/api.w.org\/{rel}","templated":true}]}}